{"id":385,"date":"2026-01-11T16:34:08","date_gmt":"2026-01-11T15:34:08","guid":{"rendered":"https:\/\/spark.szkola.pl\/szkola-podstawowa\/?page_id=385"},"modified":"2026-01-11T19:08:11","modified_gmt":"2026-01-11T18:08:11","slug":"granty-i-projekty","status":"publish","type":"page","link":"https:\/\/spark.edu.pl\/szkola-podstawowa\/granty-i-projekty\/","title":{"rendered":"Granty i projekty"},"content":{"rendered":"\n<div class=\"wp-block-uagb-container uagb-block-bbyyhdsg alignfull uagb-is-root-container\"><div class=\"uagb-container-inner-blocks-wrap\">\n<div class=\"wp-block-uagb-info-box uagb-block-vvkonefd uagb-infobox__content-wrap  uagb-infobox-icon-above-title uagb-infobox-image-valign-top\"><div class=\"uagb-ifb-content\"><div class=\"uagb-ifb-title-wrap\"><h1 class=\"uagb-ifb-title\">Granty i projekty<\/h1><\/div><\/div><\/div>\n<\/div><\/div>\n\n\n\n<div class=\"wp-block-uagb-container uagb-block-0s04icx6 alignfull uagb-is-root-container\"><div class=\"uagb-container-inner-blocks-wrap\">\n<div class=\"wp-block-uagb-info-box uagb-block-cyeo3bzj uagb-infobox__content-wrap  uagb-infobox-icon-above-title uagb-infobox-image-valign-top\"><div class=\"uagb-ifb-content\"><div class=\"uagb-ifb-title-wrap\"><span class=\"uagb-ifb-title-prefix\"><strong>DZIA\u0141ANIA, KT\u00d3RE WSPIERAJ\u0104 ROZW\u00d3J SZKO\u0141Y<\/strong><\/span><h2 class=\"uagb-ifb-title\">Innowacje i naukowa wsp\u00f3\u0142praca mi\u0119dzynarodowa<\/h2><\/div><p class=\"uagb-ifb-desc\">Dzi\u0119ki dofinansowaniom realizujemy inicjatywy, kt\u00f3re wzmacniaj\u0105 kompetencje kadry, podnosz\u0105 jako\u015b\u0107 nauczania i umo\u017cliwiaj\u0105 wymienia\u0107 do\u015bwiadczenia w ramach wsp\u00f3\u0142pracy mi\u0119dzynarodowej. Pomaga nam to stawa\u0107 si\u0119 prekursorem niezb\u0119dnych zmian w systemie polskiej edukacji.<\/p><\/div><\/div>\n\n\n\n<div class=\"wp-block-uagb-container uagb-block-d62f2d6e\">\n<div class=\"wp-block-uagb-container uagb-block-852fb835\">\n<details class=\"wp-block-details has-ast-global-color-6-color has-text-color has-link-color wp-elements-76829d7cdd8c92d50c2bcf318478f185\"><summary><strong><mark style=\"background-color:rgba(0, 0, 0, 0);color:#c878ff\" class=\"has-inline-color is-layout-flow wp-container-core-details-is-layout-8a368f38 wp-block-details-is-layout-flow\">Program<\/mark>: Bezp\u0142atny laptop dla ucznia<\/strong><\/summary>\n<div class=\"wp-block-uagb-info-box uagb-block-fc192885 uagb-infobox__content-wrap  uagb-infobox-icon-below-title uagb-infobox-image-valign-top\"><div class=\"uagb-ifb-content\"><div class=\"uagb-ifb-title-wrap\"><h3 class=\"uagb-ifb-title\"><strong>Projekt Ministerstwa Cyfryzacji.<\/strong><\/h3><\/div><\/div><\/div>\n\n\n\n<div class=\"wp-block-uagb-image uagb-block-92342ed5 wp-block-uagb-image--layout-default wp-block-uagb-image--effect-static wp-block-uagb-image--align-none\"><figure class=\"wp-block-uagb-image__figure\"><img decoding=\"async\" srcset=\"https:\/\/spark.edu.pl\/szkola-podstawowa\/wp-content\/uploads\/sites\/2\/2026\/01\/image-4.png ,https:\/\/spark.edu.pl\/szkola-podstawowa\/wp-content\/uploads\/sites\/2\/2026\/01\/image-4.png 780w, https:\/\/spark.edu.pl\/szkola-podstawowa\/wp-content\/uploads\/sites\/2\/2026\/01\/image-4.png 360w\" sizes=\"auto, (max-width: 480px) 150px\" src=\"https:\/\/spark.edu.pl\/szkola-podstawowa\/wp-content\/uploads\/sites\/2\/2026\/01\/image-4.png\" alt=\"\" class=\"uag-image-402\" width=\"1024\" height=\"202\" title=\"image\" loading=\"lazy\" role=\"img\"\/><\/figure><\/div>\n<\/details>\n<\/div>\n<\/div>\n\n\n\n<div class=\"wp-block-uagb-container uagb-block-e22a235f\">\n<div class=\"wp-block-uagb-container uagb-block-a893646e\">\n<details class=\"wp-block-details has-ast-global-color-6-color has-text-color has-link-color wp-elements-5d7f9f720bc9ffad538884081b1c80f4\"><summary><strong><strong><mark style=\"background-color:rgba(0, 0, 0, 0);color:#c878ff\" class=\"has-inline-color is-layout-flow wp-block-details-is-layout-flow\">Program<\/mark>: Laboratorium przysz\u0142o\u015bci dla szko\u0142y podstawowej:<\/strong><\/strong><\/summary>\n<div class=\"wp-block-uagb-info-box uagb-block-b65fb694 uagb-infobox__content-wrap  uagb-infobox-icon-below-title uagb-infobox-image-valign-top\"><div class=\"uagb-ifb-content\"><div class=\"uagb-ifb-title-wrap\"><h3 class=\"uagb-ifb-title\"><strong><strong>Projekt: Laboratoria przysz\u0142o\u015bci<\/strong><\/strong><\/h3><\/div><\/div><\/div>\n\n\n\n<div class=\"wp-block-uagb-image uagb-block-4026a28d wp-block-uagb-image--layout-default wp-block-uagb-image--effect-static wp-block-uagb-image--align-none\"><figure class=\"wp-block-uagb-image__figure\"><img decoding=\"async\" srcset=\"https:\/\/spark.edu.pl\/szkola-podstawowa\/wp-content\/uploads\/sites\/2\/2026\/01\/image-5.png ,https:\/\/spark.edu.pl\/szkola-podstawowa\/wp-content\/uploads\/sites\/2\/2026\/01\/image-5.png 780w, https:\/\/spark.edu.pl\/szkola-podstawowa\/wp-content\/uploads\/sites\/2\/2026\/01\/image-5.png 360w\" sizes=\"auto, (max-width: 480px) 150px\" src=\"https:\/\/spark.edu.pl\/szkola-podstawowa\/wp-content\/uploads\/sites\/2\/2026\/01\/image-5.png\" alt=\"\" class=\"uag-image-404\" width=\"1024\" height=\"202\" title=\"image\" loading=\"lazy\" role=\"img\"\/><\/figure><\/div>\n<\/details>\n<\/div>\n<\/div>\n\n\n\n<div class=\"wp-block-uagb-container uagb-block-bdceb39a\">\n<div class=\"wp-block-uagb-container uagb-block-673ccd54\">\n<details class=\"wp-block-details has-ast-global-color-6-color has-text-color has-link-color wp-elements-3bebfe725589b0e751c81442e5c5f562\"><summary><strong><strong><strong><mark style=\"background-color:rgba(0, 0, 0, 0);color:#c878ff\" class=\"has-inline-color is-layout-flow wp-block-details-is-layout-flow\">Program<\/mark>: <strong>Education IV (MF EOG 2014-2021)<\/strong><\/strong><\/strong><\/strong><\/summary>\n<div class=\"wp-block-uagb-info-box uagb-block-e73e0669 uagb-infobox__content-wrap  uagb-infobox-icon-below-title uagb-infobox-image-valign-top\"><div class=\"uagb-ifb-content\"><div class=\"uagb-ifb-title-wrap\"><h3 class=\"uagb-ifb-title\">Projekt: <strong><strong>Teaching Laboratory &#8211; A Transformative Instruction Programme for Upper Primary School.<\/strong><\/strong><\/h3><\/div><p class=\"uagb-ifb-desc\"><strong>Project:&nbsp;&nbsp;<\/strong>Teaching Laboratory &#8211; A Transformative Instruction Programme for Upper Primary School<br><br><strong>Partners: \u00d8stfold&nbsp;<\/strong>University College, SPARK Academy Foundation<br><br><strong>Project Duration:&nbsp;<\/strong>01.05.2022 &#8211; 30.04.2024<br><br><strong>Project Budget:&nbsp;<\/strong>192 534 EUR<br><br><strong>www<\/strong>:&nbsp;<a href=\"https:\/\/eeagrants.org\/\">https:\/\/eeagrants.org<\/a>&nbsp;<br><br><a href=\"https:\/\/drive.google.com\/file\/d\/1u7bg6ZiM4oX2efoLLR4Cr7iapvJWOavi\/view\"><em>Pobierz opis w formacie PDF<\/em><\/a><br><a href=\"https:\/\/drive.google.com\/file\/d\/1KX6Nru2w_R1gK-cgG7jQHnpMuluFFUt5\/view?usp=sharing\"><em>Wersja angielska \/ English version<\/em><\/a><\/p><\/div><\/div>\n\n\n\n<div class=\"wp-block-uagb-container uagb-block-5392b608\">\n<div class=\"wp-block-uagb-image uagb-block-799eb5d8 wp-block-uagb-image--layout-default wp-block-uagb-image--effect-static wp-block-uagb-image--align-none\"><figure class=\"wp-block-uagb-image__figure\"><img decoding=\"async\" srcset=\"https:\/\/spark.edu.pl\/szkola-podstawowa\/wp-content\/uploads\/sites\/2\/2026\/01\/image-6.png ,https:\/\/spark.edu.pl\/szkola-podstawowa\/wp-content\/uploads\/sites\/2\/2026\/01\/image-6.png 780w, https:\/\/spark.edu.pl\/szkola-podstawowa\/wp-content\/uploads\/sites\/2\/2026\/01\/image-6.png 360w\" sizes=\"auto, (max-width: 480px) 150px\" src=\"https:\/\/spark.edu.pl\/szkola-podstawowa\/wp-content\/uploads\/sites\/2\/2026\/01\/image-6.png\" alt=\"\" class=\"uag-image-406\" width=\"1024\" height=\"202\" title=\"image\" loading=\"lazy\" role=\"img\"\/><\/figure><\/div>\n\n\n\n<div class=\"wp-block-uagb-image uagb-block-0406f147 wp-block-uagb-image--layout-default wp-block-uagb-image--effect-static wp-block-uagb-image--align-none\"><figure class=\"wp-block-uagb-image__figure\"><img decoding=\"async\" srcset=\"https:\/\/spark.edu.pl\/szkola-podstawowa\/wp-content\/uploads\/sites\/2\/2026\/01\/image-7-1024x717.png ,https:\/\/spark.edu.pl\/szkola-podstawowa\/wp-content\/uploads\/sites\/2\/2026\/01\/image-7.png 780w, https:\/\/spark.edu.pl\/szkola-podstawowa\/wp-content\/uploads\/sites\/2\/2026\/01\/image-7.png 360w\" sizes=\"auto, (max-width: 480px) 150px\" src=\"https:\/\/spark.edu.pl\/szkola-podstawowa\/wp-content\/uploads\/sites\/2\/2026\/01\/image-7-1024x717.png\" alt=\"\" class=\"uag-image-407\" width=\"1024\" height=\"202\" title=\"image\" loading=\"lazy\" role=\"img\"\/><\/figure><\/div>\n<\/div>\n<\/details>\n<\/div>\n<\/div>\n\n\n\n<div class=\"wp-block-uagb-container uagb-block-77bf1177\">\n<div class=\"wp-block-uagb-container uagb-block-15b4b91d\">\n<details class=\"wp-block-details has-ast-global-color-6-color has-text-color has-link-color wp-elements-6ca64811b13920f106f233b6d80602f3\"><summary><strong><strong><strong><strong><mark style=\"background-color:rgba(0, 0, 0, 0);color:#c878ff\" class=\"has-inline-color is-layout-flow wp-block-details-is-layout-flow\">Program<\/mark>: Edukacja szkolna: konkurs 2022 \u2013 Fundusze Europejskie dla Rozwoju Spo\u0142ecznego<\/strong><\/strong><\/strong><\/strong><\/summary>\n<div class=\"wp-block-uagb-info-box uagb-block-415b747d uagb-infobox__content-wrap  uagb-infobox-icon-below-title uagb-infobox-image-valign-top\"><div class=\"uagb-ifb-content\"><div class=\"uagb-ifb-title-wrap\"><h3 class=\"uagb-ifb-title\"><strong><strong><strong>Projekt:<\/strong>&nbsp;MOMENTUM &#8211; p\u0119d za kompetencjami. Jak mi\u0119dzynarodowa wsp\u00f3\u0142praca pomaga uczniom w zdobywaniu kompetencji kluczowych.<\/strong><\/strong><\/h3><\/div><p class=\"uagb-ifb-desc\"><strong>Cel projektu<\/strong>: Celem projektu jest kszta\u0142towanie kompetencji kluczowych uczni\u00f3w w mi\u0119dzynarodowym \u015brodowisku. Jednym z element\u00f3w realizacji projekt\u00f3w b\u0119dzie wyjazd grupy 10 uczni\u00f3w do partnerskiej szko\u0142y Montessori College w Groesbeek w Holandii.<br><br><strong>Czas trwania:<\/strong>&nbsp;04.09.2023 &#8211; 03.03.2025<br><br><strong>Warto\u015b\u0107 projektu:<\/strong>&nbsp;49 328,44 PLN<br>\u200d<br>Strona www:&nbsp;<a href=\"https:\/\/www.frse.org.pl\/\">https:\/\/www.frse.org.pl<\/a><br><br><a href=\"https:\/\/cdn.prod.website-files.com\/6576e7704a78794e1622ece4\/65afc59d3a5a7c2eb968d9fa_Opis-projektu.pdf\" target=\"_blank\" rel=\"noreferrer noopener nofollow\">Szczeg\u00f3\u0142owe informacje o projekcie<\/a>.<\/p><\/div><\/div>\n\n\n\n<div class=\"wp-block-uagb-image uagb-block-18f94724 wp-block-uagb-image--layout-default wp-block-uagb-image--effect-static wp-block-uagb-image--align-none\"><figure class=\"wp-block-uagb-image__figure\"><\/figure><\/div>\n<\/details>\n<\/div>\n<\/div>\n<\/div><\/div>\n\n\n\n<div class=\"wp-block-uagb-container uagb-block-4d31770f alignfull uagb-is-root-container\"><div class=\"uagb-container-inner-blocks-wrap\">\n<div class=\"wp-block-uagb-container uagb-block-5a26ee3a\">\n<div class=\"wp-block-uagb-buttons uagb-buttons__outer-wrap uagb-btn__medium-btn uagb-btn-tablet__default-btn uagb-btn-mobile__medium-btn uagb-block-ff507406\"><div class=\"uagb-buttons__wrap uagb-buttons-layout-wrap \">\n<div class=\"wp-block-uagb-buttons-child uagb-buttons__outer-wrap uagb-block-2a622efd wp-block-button\"><div class=\"uagb-button__wrapper\"><a class=\"uagb-buttons-repeater wp-block-button__link\" aria-label=\"\" href=\"\/szkola-podstawowa\/\" rel=\"follow noopener\" target=\"_self\" role=\"button\"><div class=\"uagb-button__link\">Szko\u0142a podstawowa<\/div><span class=\"uagb-button__icon uagb-button__icon-position-after\"><svg xmlns=\"https:\/\/www.w3.org\/2000\/svg\" viewBox=\"0 0 448 512\" aria-hidden=\"true\" focussable=\"false\"><path d=\"M438.6 278.6l-160 160C272.4 444.9 264.2 448 256 448s-16.38-3.125-22.62-9.375c-12.5-12.5-12.5-32.75 0-45.25L338.8 288H32C14.33 288 .0016 273.7 .0016 256S14.33 224 32 224h306.8l-105.4-105.4c-12.5-12.5-12.5-32.75 0-45.25s32.75-12.5 45.25 0l160 160C451.1 245.9 451.1 266.1 438.6 278.6z\"><\/path><\/svg><\/span><\/a><\/div><\/div>\n<\/div><\/div>\n<\/div>\n<\/div><\/div>\n","protected":false},"excerpt":{"rendered":"","protected":false},"author":1,"featured_media":0,"parent":0,"menu_order":0,"comment_status":"closed","ping_status":"closed","template":"","meta":{"_uag_custom_page_level_css":"","site-sidebar-layout":"default","site-content-layout":"","ast-site-content-layout":"default","site-content-style":"default","site-sidebar-style":"default","ast-global-header-display":"","ast-banner-title-visibility":"","ast-main-header-display":"","ast-hfb-above-header-display":"","ast-hfb-below-header-display":"","ast-hfb-mobile-header-display":"","site-post-title":"disabled","ast-breadcrumbs-content":"","ast-featured-img":"","footer-sml-layout":"","ast-disable-related-posts":"","theme-transparent-header-meta":"enabled","adv-header-id-meta":"","stick-header-meta":"","header-above-stick-meta":"","header-main-stick-meta":"","header-below-stick-meta":"","astra-migrate-meta-layouts":"default","ast-page-background-enabled":"default","ast-page-background-meta":{"desktop":{"background-color":"var(--ast-global-color-5)","background-image":"","background-repeat":"repeat","background-position":"center center","background-size":"auto","background-attachment":"scroll","background-type":"","background-media":"","overlay-type":"","overlay-color":"","overlay-opacity":"","overlay-gradient":""},"tablet":{"background-color":"","background-image":"","background-repeat":"repeat","background-position":"center center","background-size":"auto","background-attachment":"scroll","background-type":"","background-media":"","overlay-type":"","overlay-color":"","overlay-opacity":"","overlay-gradient":""},"mobile":{"background-color":"","background-image":"","background-repeat":"repeat","background-position":"center center","background-size":"auto","background-attachment":"scroll","background-type":"","background-media":"","overlay-type":"","overlay-color":"","overlay-opacity":"","overlay-gradient":""}},"ast-content-background-meta":{"desktop":{"background-color":"var(--ast-global-color-4)","background-image":"","background-repeat":"repeat","background-position":"center center","background-size":"auto","background-attachment":"scroll","background-type":"","background-media":"","overlay-type":"","overlay-color":"","overlay-opacity":"","overlay-gradient":""},"tablet":{"background-color":"var(--ast-global-color-4)","background-image":"","background-repeat":"repeat","background-position":"center center","background-size":"auto","background-attachment":"scroll","background-type":"","background-media":"","overlay-type":"","overlay-color":"","overlay-opacity":"","overlay-gradient":""},"mobile":{"background-color":"var(--ast-global-color-4)","background-image":"","background-repeat":"repeat","background-position":"center center","background-size":"auto","background-attachment":"scroll","background-type":"","background-media":"","overlay-type":"","overlay-color":"","overlay-opacity":"","overlay-gradient":""}},"footnotes":""},"class_list":["post-385","page","type-page","status-publish","hentry"],"yoast_head":"<!-- This site is optimized with the Yoast SEO plugin v27.1.1 - https:\/\/yoast.com\/product\/yoast-seo-wordpress\/ -->\n<title>Granty i projekty - Szko\u0142a Podstawowa Spark Academy<\/title>\n<meta name=\"robots\" content=\"index, follow, max-snippet:-1, max-image-preview:large, max-video-preview:-1\" \/>\n<link rel=\"canonical\" href=\"https:\/\/spark.edu.pl\/szkola-podstawowa\/granty-i-projekty\/\" \/>\n<meta property=\"og:locale\" content=\"pl_PL\" \/>\n<meta property=\"og:type\" content=\"article\" \/>\n<meta property=\"og:title\" content=\"Granty i projekty - Szko\u0142a Podstawowa Spark Academy\" \/>\n<meta property=\"og:url\" content=\"https:\/\/spark.edu.pl\/szkola-podstawowa\/granty-i-projekty\/\" \/>\n<meta property=\"og:site_name\" content=\"Szko\u0142a Podstawowa Spark Academy\" \/>\n<meta property=\"article:modified_time\" content=\"2026-01-11T18:08:11+00:00\" \/>\n<meta property=\"og:image\" content=\"https:\/\/spark.edu.pl\/szkola-podstawowa\/wp-content\/uploads\/sites\/2\/2026\/01\/image-4.png\" \/>\n<meta name=\"twitter:card\" content=\"summary_large_image\" \/>\n<meta name=\"twitter:label1\" content=\"Szacowany czas czytania\" \/>\n\t<meta name=\"twitter:data1\" content=\"1 minuta\" \/>\n<script type=\"application\/ld+json\" class=\"yoast-schema-graph\">{\"@context\":\"https:\/\/schema.org\",\"@graph\":[{\"@type\":\"WebPage\",\"@id\":\"https:\/\/spark.edu.pl\/szkola-podstawowa\/granty-i-projekty\/\",\"url\":\"https:\/\/spark.edu.pl\/szkola-podstawowa\/granty-i-projekty\/\",\"name\":\"Granty i projekty - Szko\u0142a Podstawowa Spark Academy\",\"isPartOf\":{\"@id\":\"https:\/\/spark.edu.pl\/szkola-podstawowa\/#website\"},\"primaryImageOfPage\":{\"@id\":\"https:\/\/spark.edu.pl\/szkola-podstawowa\/granty-i-projekty\/#primaryimage\"},\"image\":{\"@id\":\"https:\/\/spark.edu.pl\/szkola-podstawowa\/granty-i-projekty\/#primaryimage\"},\"thumbnailUrl\":\"https:\/\/spark.edu.pl\/szkola-podstawowa\/wp-content\/uploads\/sites\/2\/2026\/01\/image-4.png\",\"datePublished\":\"2026-01-11T15:34:08+00:00\",\"dateModified\":\"2026-01-11T18:08:11+00:00\",\"breadcrumb\":{\"@id\":\"https:\/\/spark.edu.pl\/szkola-podstawowa\/granty-i-projekty\/#breadcrumb\"},\"inLanguage\":\"pl-PL\",\"potentialAction\":[{\"@type\":\"ReadAction\",\"target\":[\"https:\/\/spark.edu.pl\/szkola-podstawowa\/granty-i-projekty\/\"]}]},{\"@type\":\"ImageObject\",\"inLanguage\":\"pl-PL\",\"@id\":\"https:\/\/spark.edu.pl\/szkola-podstawowa\/granty-i-projekty\/#primaryimage\",\"url\":\"https:\/\/spark.edu.pl\/szkola-podstawowa\/wp-content\/uploads\/sites\/2\/2026\/01\/image-4.png\",\"contentUrl\":\"https:\/\/spark.edu.pl\/szkola-podstawowa\/wp-content\/uploads\/sites\/2\/2026\/01\/image-4.png\",\"width\":750,\"height\":200},{\"@type\":\"BreadcrumbList\",\"@id\":\"https:\/\/spark.edu.pl\/szkola-podstawowa\/granty-i-projekty\/#breadcrumb\",\"itemListElement\":[{\"@type\":\"ListItem\",\"position\":1,\"name\":\"Strona g\u0142\u00f3wna\",\"item\":\"https:\/\/spark.edu.pl\/szkola-podstawowa\/\"},{\"@type\":\"ListItem\",\"position\":2,\"name\":\"Granty i projekty\"}]},{\"@type\":\"WebSite\",\"@id\":\"https:\/\/spark.edu.pl\/szkola-podstawowa\/#website\",\"url\":\"https:\/\/spark.edu.pl\/szkola-podstawowa\/\",\"name\":\"Szko\u0142a Podstawowa Spark Academy\",\"description\":\"\",\"publisher\":{\"@id\":\"https:\/\/spark.edu.pl\/szkola-podstawowa\/#organization\"},\"potentialAction\":[{\"@type\":\"SearchAction\",\"target\":{\"@type\":\"EntryPoint\",\"urlTemplate\":\"https:\/\/spark.edu.pl\/szkola-podstawowa\/?s={search_term_string}\"},\"query-input\":{\"@type\":\"PropertyValueSpecification\",\"valueRequired\":true,\"valueName\":\"search_term_string\"}}],\"inLanguage\":\"pl-PL\"},{\"@type\":\"Organization\",\"@id\":\"https:\/\/spark.edu.pl\/szkola-podstawowa\/#organization\",\"name\":\"Szko\u0142a Podstawowa Spark Academy\",\"url\":\"https:\/\/spark.edu.pl\/szkola-podstawowa\/\",\"logo\":{\"@type\":\"ImageObject\",\"inLanguage\":\"pl-PL\",\"@id\":\"https:\/\/spark.edu.pl\/szkola-podstawowa\/#\/schema\/logo\/image\/\",\"url\":\"https:\/\/spark.edu.pl\/szkola-podstawowa\/wp-content\/uploads\/sites\/2\/2026\/01\/LOGO-copy-9PNG-e1767733252125.png\",\"contentUrl\":\"https:\/\/spark.edu.pl\/szkola-podstawowa\/wp-content\/uploads\/sites\/2\/2026\/01\/LOGO-copy-9PNG-e1767733252125.png\",\"width\":1023,\"height\":688,\"caption\":\"Szko\u0142a Podstawowa Spark Academy\"},\"image\":{\"@id\":\"https:\/\/spark.edu.pl\/szkola-podstawowa\/#\/schema\/logo\/image\/\"}}]}<\/script>\n<!-- \/ Yoast SEO plugin. -->","yoast_head_json":{"title":"Granty i projekty - Szko\u0142a Podstawowa Spark Academy","robots":{"index":"index","follow":"follow","max-snippet":"max-snippet:-1","max-image-preview":"max-image-preview:large","max-video-preview":"max-video-preview:-1"},"canonical":"https:\/\/spark.edu.pl\/szkola-podstawowa\/granty-i-projekty\/","og_locale":"pl_PL","og_type":"article","og_title":"Granty i projekty - Szko\u0142a Podstawowa Spark Academy","og_url":"https:\/\/spark.edu.pl\/szkola-podstawowa\/granty-i-projekty\/","og_site_name":"Szko\u0142a Podstawowa Spark Academy","article_modified_time":"2026-01-11T18:08:11+00:00","og_image":[{"url":"https:\/\/spark.edu.pl\/szkola-podstawowa\/wp-content\/uploads\/sites\/2\/2026\/01\/image-4.png","type":"","width":"","height":""}],"twitter_card":"summary_large_image","twitter_misc":{"Szacowany czas czytania":"1 minuta"},"schema":{"@context":"https:\/\/schema.org","@graph":[{"@type":"WebPage","@id":"https:\/\/spark.edu.pl\/szkola-podstawowa\/granty-i-projekty\/","url":"https:\/\/spark.edu.pl\/szkola-podstawowa\/granty-i-projekty\/","name":"Granty i projekty - Szko\u0142a Podstawowa Spark Academy","isPartOf":{"@id":"https:\/\/spark.edu.pl\/szkola-podstawowa\/#website"},"primaryImageOfPage":{"@id":"https:\/\/spark.edu.pl\/szkola-podstawowa\/granty-i-projekty\/#primaryimage"},"image":{"@id":"https:\/\/spark.edu.pl\/szkola-podstawowa\/granty-i-projekty\/#primaryimage"},"thumbnailUrl":"https:\/\/spark.edu.pl\/szkola-podstawowa\/wp-content\/uploads\/sites\/2\/2026\/01\/image-4.png","datePublished":"2026-01-11T15:34:08+00:00","dateModified":"2026-01-11T18:08:11+00:00","breadcrumb":{"@id":"https:\/\/spark.edu.pl\/szkola-podstawowa\/granty-i-projekty\/#breadcrumb"},"inLanguage":"pl-PL","potentialAction":[{"@type":"ReadAction","target":["https:\/\/spark.edu.pl\/szkola-podstawowa\/granty-i-projekty\/"]}]},{"@type":"ImageObject","inLanguage":"pl-PL","@id":"https:\/\/spark.edu.pl\/szkola-podstawowa\/granty-i-projekty\/#primaryimage","url":"https:\/\/spark.edu.pl\/szkola-podstawowa\/wp-content\/uploads\/sites\/2\/2026\/01\/image-4.png","contentUrl":"https:\/\/spark.edu.pl\/szkola-podstawowa\/wp-content\/uploads\/sites\/2\/2026\/01\/image-4.png","width":750,"height":200},{"@type":"BreadcrumbList","@id":"https:\/\/spark.edu.pl\/szkola-podstawowa\/granty-i-projekty\/#breadcrumb","itemListElement":[{"@type":"ListItem","position":1,"name":"Strona g\u0142\u00f3wna","item":"https:\/\/spark.edu.pl\/szkola-podstawowa\/"},{"@type":"ListItem","position":2,"name":"Granty i projekty"}]},{"@type":"WebSite","@id":"https:\/\/spark.edu.pl\/szkola-podstawowa\/#website","url":"https:\/\/spark.edu.pl\/szkola-podstawowa\/","name":"Szko\u0142a Podstawowa Spark Academy","description":"","publisher":{"@id":"https:\/\/spark.edu.pl\/szkola-podstawowa\/#organization"},"potentialAction":[{"@type":"SearchAction","target":{"@type":"EntryPoint","urlTemplate":"https:\/\/spark.edu.pl\/szkola-podstawowa\/?s={search_term_string}"},"query-input":{"@type":"PropertyValueSpecification","valueRequired":true,"valueName":"search_term_string"}}],"inLanguage":"pl-PL"},{"@type":"Organization","@id":"https:\/\/spark.edu.pl\/szkola-podstawowa\/#organization","name":"Szko\u0142a Podstawowa Spark Academy","url":"https:\/\/spark.edu.pl\/szkola-podstawowa\/","logo":{"@type":"ImageObject","inLanguage":"pl-PL","@id":"https:\/\/spark.edu.pl\/szkola-podstawowa\/#\/schema\/logo\/image\/","url":"https:\/\/spark.edu.pl\/szkola-podstawowa\/wp-content\/uploads\/sites\/2\/2026\/01\/LOGO-copy-9PNG-e1767733252125.png","contentUrl":"https:\/\/spark.edu.pl\/szkola-podstawowa\/wp-content\/uploads\/sites\/2\/2026\/01\/LOGO-copy-9PNG-e1767733252125.png","width":1023,"height":688,"caption":"Szko\u0142a Podstawowa Spark Academy"},"image":{"@id":"https:\/\/spark.edu.pl\/szkola-podstawowa\/#\/schema\/logo\/image\/"}}]}},"uagb_featured_image_src":{"full":false,"thumbnail":false,"medium":false,"medium_large":false,"large":false,"1536x1536":false,"2048x2048":false,"mailpoet_newsletter_max":false},"uagb_author_info":{"display_name":"Michal-1968X","author_link":"https:\/\/spark.edu.pl\/szkola-podstawowa\/author\/michal-1968x\/"},"uagb_comment_info":0,"uagb_excerpt":null,"_links":{"self":[{"href":"https:\/\/spark.edu.pl\/szkola-podstawowa\/wp-json\/wp\/v2\/pages\/385","targetHints":{"allow":["GET"]}}],"collection":[{"href":"https:\/\/spark.edu.pl\/szkola-podstawowa\/wp-json\/wp\/v2\/pages"}],"about":[{"href":"https:\/\/spark.edu.pl\/szkola-podstawowa\/wp-json\/wp\/v2\/types\/page"}],"author":[{"embeddable":true,"href":"https:\/\/spark.edu.pl\/szkola-podstawowa\/wp-json\/wp\/v2\/users\/1"}],"replies":[{"embeddable":true,"href":"https:\/\/spark.edu.pl\/szkola-podstawowa\/wp-json\/wp\/v2\/comments?post=385"}],"version-history":[{"count":10,"href":"https:\/\/spark.edu.pl\/szkola-podstawowa\/wp-json\/wp\/v2\/pages\/385\/revisions"}],"predecessor-version":[{"id":454,"href":"https:\/\/spark.edu.pl\/szkola-podstawowa\/wp-json\/wp\/v2\/pages\/385\/revisions\/454"}],"wp:attachment":[{"href":"https:\/\/spark.edu.pl\/szkola-podstawowa\/wp-json\/wp\/v2\/media?parent=385"}],"curies":[{"name":"wp","href":"https:\/\/api.w.org\/{rel}","templated":true}]}}